{"id":206660,"date":"2019-10-27T17:13:01","date_gmt":"2019-10-27T17:13:01","guid":{"rendered":"https:\/\/susan-infanger.ch\/v2\/?page_id=206660"},"modified":"2021-11-29T22:12:53","modified_gmt":"2021-11-29T21:12:53","slug":"ueber-mich","status":"publish","type":"page","link":"https:\/\/susan-infanger.ch\/v2\/ueber-mich\/","title":{"rendered":"\u00dcber mich"},"content":{"rendered":"<p>[et_pb_section fb_built=&#8221;1&#8243; _builder_version=&#8221;3.27&#8243; background_color=&#8221;#f5f5f5&#8243; custom_margin=&#8221;0px||0px||false|false&#8221; custom_padding=&#8221;0px||0px||false|false&#8221; border_width_top=&#8221;2px&#8221; border_color_top=&#8221;#85b6ba&#8221; global_colors_info=&#8221;{}&#8221;][et_pb_row _builder_version=&#8221;4.0.4&#8243; custom_margin=&#8221;0px||0px||false|false&#8221; custom_padding=&#8221;0px||0px||false|false&#8221; global_colors_info=&#8221;{}&#8221;][et_pb_column type=&#8221;4_4&#8243; _builder_version=&#8221;3.25&#8243; custom_padding=&#8221;|||&#8221; global_colors_info=&#8221;{}&#8221; custom_padding__hover=&#8221;|||&#8221;][et_pb_image src=&#8221;https:\/\/susan-infanger.ch\/v2\/wp-content\/uploads\/2019\/10\/Informationen1.png&#8221; align=&#8221;center&#8221; align_tablet=&#8221;center&#8221; align_phone=&#8221;&#8221; align_last_edited=&#8221;on|desktop&#8221; _builder_version=&#8221;4.0.3&#8243; background_enable_color=&#8221;off&#8221; custom_margin=&#8221;10px||0px||false|false&#8221; custom_padding=&#8221;0px||0px||false|false&#8221; global_colors_info=&#8221;{}&#8221;][\/et_pb_image][et_pb_text _builder_version=&#8221;4.0.3&#8243; text_font=&#8221;Montserrat|600|||||||&#8221; text_text_color=&#8221;#e02b20&#8243; header_font=&#8221;Montserrat|600|||||||&#8221; header_text_align=&#8221;center&#8221; header_text_color=&#8221;#85b6ba&#8221; header_2_text_align=&#8221;center&#8221; header_2_text_color=&#8221;#85b6ba&#8221; header_2_font_size=&#8221;20px&#8221; background_enable_color=&#8221;off&#8221; text_orientation=&#8221;center&#8221; custom_margin=&#8221;4px||||false|false&#8221; custom_padding=&#8221;0px||0px&#8221; animation_style=&#8221;fade&#8221; text_text_align=&#8221;center&#8221; global_colors_info=&#8221;{}&#8221;]<\/p>\n<h1 style=\"text-align: center;\">\u00fcber mich<\/h1>\n<p>[\/et_pb_text][\/et_pb_column][\/et_pb_row][\/et_pb_section][et_pb_section fb_built=&#8221;1&#8243; _builder_version=&#8221;4.0.4&#8243; custom_margin=&#8221;||20px||false|false&#8221; custom_padding=&#8221;||0px||false|false&#8221; global_colors_info=&#8221;{}&#8221;][et_pb_row _builder_version=&#8221;4.0.4&#8243; custom_margin=&#8221;0px||0px||false|false&#8221; custom_padding=&#8221;0px||0px||false|false&#8221; global_colors_info=&#8221;{}&#8221;][et_pb_column type=&#8221;4_4&#8243; _builder_version=&#8221;3.27.4&#8243; global_colors_info=&#8221;{}&#8221;][et_pb_text _builder_version=&#8221;4.9.4&#8243; text_line_height=&#8221;1.4em&#8221; custom_margin=&#8221;0px||||false|false&#8221; custom_padding=&#8221;0px||||false|false&#8221; global_colors_info=&#8221;{}&#8221;]<\/p>\n<h3><img loading=\"lazy\" decoding=\"async\" class=\"wp-image-206698 size-full alignleft\" src=\"https:\/\/susan-infanger.ch\/v2\/wp-content\/uploads\/2019\/10\/Lebe-deinen-Traum2.png\" alt=\"\" width=\"763\" height=\"37\" srcset=\"https:\/\/susan-infanger.ch\/v2\/wp-content\/uploads\/2019\/10\/Lebe-deinen-Traum2.png 763w, https:\/\/susan-infanger.ch\/v2\/wp-content\/uploads\/2019\/10\/Lebe-deinen-Traum2-480x23.png 480w\" sizes=\"auto, (min-width: 0px) and (max-width: 480px) 480px, (min-width: 481px) 763px, 100vw\" \/><\/h3>\n<p>&nbsp;<\/p>\n<p>&nbsp;<\/p>\n<p><img loading=\"lazy\" decoding=\"async\" class=\"wp-image-208206 size-medium alignleft\" src=\"https:\/\/susan-infanger.ch\/v2\/wp-content\/uploads\/2021\/07\/Susan_20210323_neu-300x200.jpg\" alt=\"Susan Infanger\" width=\"300\" height=\"200\" \/>Seit ich denken kann, lebe ich meine Kreativit\u00e4t aus &#8211; sie ist mein Lebenselexier \u2013 und insbesondere die Fotografie begleitet mich dank meines fotobegeisterten Vaters bereits seit meiner fr\u00fchen Schulzeit. Schon damals ging ich mit meiner ersten kleinen analogen Kamera auf Motivsuche und liebte es, all die sch\u00f6nen Dinge vor meiner Linse &#8220;einzufangen&#8221;.<\/p>\n<p>Beruflich habe ich zuerst einen anderen Weg eingeschlagen, doch die Leidenschaft zur Fotografie hat mich immer begleitet. Im Jahr 2007 durfte ich mein erstes kleines Fotostudio er\u00f6ffnen &#8211; mein Herzenswunsch ging in Erf\u00fcllung.<\/p>\n<p>Dank vielen Workshops, Kursen und Ausbildungen hat sich meine Fotografie immer weiter entwickelt und professionalisiert. Seit 2017 darf ich ein sch\u00f6nes, helles Atelier im Herzen von Engelberg mein Eigen nennen. Ich liebe es immer wieder aufs Neue, einzigartige Erinnerungen zu schaffen und es gibt f\u00fcr mich kaum etwas Sch\u00f6neres, als Menschen mit meinen Bilder zu ber\u00fchren, ein L\u00e4cheln auf die Lippen zu zaubern und kleine Gl\u00fccksmomente zu schenken.<\/p>\n<p>Seit ich selber Mama von drei wunderbaren Kindern bin, sind f\u00fcr mich die Schwangerschafts-, Baby-, Kinder- und Familienfotografie das Herzst\u00fcck meiner Arbeit. Zudem faszinieren und begeistern mich tolle Erwachsenen-Portraits sowie die Natur- und Reisefotografie. Die M\u00f6glichkeit, all diese Varianten ausleben zu k\u00f6nnen, macht die Fotografie zu meiner gr\u00f6ssten Leidenschaft.<\/p>\n<p>Und hier noch ein paar informative Stichworte zu mir.<\/p>\n<p>[\/et_pb_text][et_pb_text admin_label=&#8221;Was ich besonders mag&#8221; _builder_version=&#8221;4.4.9&#8243; text_font=&#8221;|600|||||||&#8221; text_text_color=&#8221;#85b6ba&#8221; custom_margin=&#8221;||0px||false|false&#8221; global_colors_info=&#8221;{}&#8221;]<\/p>\n<p>Was ich besonders mag<\/p>\n<p>[\/et_pb_text][et_pb_text _builder_version=&#8221;4.4.9&#8243; global_colors_info=&#8221;{}&#8221;]<\/p>\n<p>Kinder(lachen) &#8211; Sonnenaufg\u00e4nge &#8211; Meer(esrauschen) &#8211; einsame Str\u00e4nde &#8211; B\u00fccher lesen &#8211; W\u00e4lder &#8211; Schatten &#8211; eisig kalte Wintertage &#8211; Tanzen &#8211; Lachen &#8211; tiefgr\u00fcndige Gespr\u00e4che &#8211; Reisen (am liebsten in den Norden) &#8211; Tulpen &#8211; Zaunk\u00f6nig &#8211; Schwimmen &#8211; Umarmungen &#8211; Toleranz &#8211; Babyf\u00fcsse &#8211; T\u00fcrkis<\/p>\n<p>[\/et_pb_text][et_pb_text admin_label=&#8221;Was ich nicht mag&#8221; _builder_version=&#8221;4.4.9&#8243; text_font=&#8221;|600|||||||&#8221; text_text_color=&#8221;#85b6ba&#8221; custom_margin=&#8221;||0px||false|false&#8221; global_colors_info=&#8221;{}&#8221;]<\/p>\n<p>Was ich nicht mag<\/p>\n<p>[\/et_pb_text][et_pb_text _builder_version=&#8221;4.4.9&#8243; global_colors_info=&#8221;{}&#8221;]<\/p>\n<p>Neid, Unordnung, Unh\u00f6flichkeit, in der Nacht bei Regen Autofahren, Gier, Hektik, grosse Menschenansammlungen, Ignoranz, M\u00fcll der achtlos weggeworfen wurde, n\u00f6rgelnde Mitmenschen<\/p>\n<p>[\/et_pb_text][\/et_pb_column][\/et_pb_row][\/et_pb_section][et_pb_section fb_built=&#8221;1&#8243; _builder_version=&#8221;4.0.4&#8243; background_color=&#8221;#f5f5f5&#8243; custom_margin=&#8221;15px||0px||false|false&#8221; custom_padding=&#8221;0px||0px||false|false&#8221; global_colors_info=&#8221;{}&#8221;][et_pb_row _builder_version=&#8221;4.0.4&#8243; custom_margin=&#8221;0px||0px||false|false&#8221; custom_padding=&#8221;0px||0px||false|false&#8221; global_colors_info=&#8221;{}&#8221;][et_pb_column type=&#8221;4_4&#8243; _builder_version=&#8221;4.0.3&#8243; global_colors_info=&#8221;{}&#8221;][et_pb_text _builder_version=&#8221;4.4.9&#8243; header_3_text_color=&#8221;#85b6ba&#8221; header_3_font_size=&#8221;20px&#8221; custom_margin=&#8221;0px||0px||false|false&#8221; custom_padding=&#8221;15px||1px||false|false&#8221; global_colors_info=&#8221;{}&#8221;]<\/p>\n<h3>Besuchte Workshops \/ Kurse \/ Ausbildungen<\/h3>\n<p>[\/et_pb_text][dtm_vertical_timeline _builder_version=&#8221;4.14.1&#8243; _module_preset=&#8221;default&#8221; label_font=&#8221;|||on|||||&#8221; label_text_color=&#8221;#85B6BA&#8221; label_font_size=&#8221;20px&#8221; label_line_height=&#8221;1em&#8221; content_line_height=&#8221;1.2em&#8221; global_colors_info=&#8221;{}&#8221;][dtm_vertical_timeline_item title=&#8221;Katja Herz&#8221; timeline_label=&#8221;2017&#8243; icon_color=&#8221;#FFFFFF&#8221; circle_color=&#8221;#85B6BA&#8221; line_color=&#8221;#85B6BA&#8221; animation=&#8221;fade_in&#8221; _builder_version=&#8221;4.14.1&#8243; _module_preset=&#8221;default&#8221; headings_text_color=&#8221;#85B6BA&#8221; headings_font_size=&#8221;20px&#8221; headings_line_height=&#8221;1.2em&#8221; global_colors_info=&#8221;{}&#8221;]<\/p>\n<p>Newborn- und Kinderfotografie<\/p>\n<p>[\/dtm_vertical_timeline_item][dtm_vertical_timeline_item title=&#8221;Amy McDaniel &#038; Nicole Smith&#8221; timeline_label=&#8221;2016&#8243; icon_color=&#8221;#FFFFFF&#8221; circle_color=&#8221;#85B6BA&#8221; line_color=&#8221;#85B6BA&#8221; animation=&#8221;fade_in&#8221; _builder_version=&#8221;4.14.1&#8243; _module_preset=&#8221;default&#8221; headings_text_color=&#8221;#85B6BA&#8221; headings_font_size=&#8221;20px&#8221; headings_line_height=&#8221;1.2em&#8221; global_colors_info=&#8221;{}&#8221;]<\/p>\n<p>Newborn- und Schwangerschaftsfotografie<\/p>\n<p>[\/dtm_vertical_timeline_item][dtm_vertical_timeline_item title=&#8221;Barbara Brutschin&#8221; timeline_label=&#8221;2016&#8243; icon_color=&#8221;#FFFFFF&#8221; circle_color=&#8221;#85B6BA&#8221; line_color=&#8221;#85B6BA&#8221; animation=&#8221;fade_in&#8221; _builder_version=&#8221;4.14.1&#8243; _module_preset=&#8221;default&#8221; headings_text_color=&#8221;#85B6BA&#8221; headings_font_size=&#8221;20px&#8221; headings_line_height=&#8221;1.2em&#8221; global_colors_info=&#8221;{}&#8221;]<\/p>\n<p>Kinder Outdoor-Fotografie<\/p>\n<p>[\/dtm_vertical_timeline_item][dtm_vertical_timeline_item title=&#8221;Sarah Wilkes, Manchester UK&#8221; timeline_label=&#8221;2014&#8243; icon_color=&#8221;#FFFFFF&#8221; circle_color=&#8221;#85B6BA&#8221; line_color=&#8221;#85B6BA&#8221; animation=&#8221;fade_in&#8221; _builder_version=&#8221;4.14.1&#8243; _module_preset=&#8221;default&#8221; headings_text_color=&#8221;#85B6BA&#8221; headings_font_size=&#8221;20px&#8221; headings_line_height=&#8221;1.2em&#8221; global_colors_info=&#8221;{}&#8221;]<\/p>\n<p>Newborn-Fotografie<\/p>\n<p>[\/dtm_vertical_timeline_item][dtm_vertical_timeline_item title=&#8221;Berenike Rothmund &#038; Daniela Reske, T\u00fcbingen DE&#8221; timeline_label=&#8221;2013&#8243; icon_color=&#8221;#FFFFFF&#8221; circle_color=&#8221;#85B6BA&#8221; line_color=&#8221;#85B6BA&#8221; animation=&#8221;fade_in&#8221; _builder_version=&#8221;4.14.1&#8243; _module_preset=&#8221;default&#8221; headings_text_color=&#8221;#85B6BA&#8221; headings_font_size=&#8221;20px&#8221; headings_line_height=&#8221;1.2em&#8221; global_colors_info=&#8221;{}&#8221;]<\/p>\n<p>Neugeborenen-Fotografie<\/p>\n<p>[\/dtm_vertical_timeline_item][dtm_vertical_timeline_item title=&#8221;Stefan Peter, Luzern&#8221; timeline_label=&#8221;2011&#8243; icon_color=&#8221;#FFFFFF&#8221; circle_color=&#8221;#85B6BA&#8221; line_color=&#8221;#85B6BA&#8221; animation=&#8221;fade_in&#8221; _builder_version=&#8221;4.14.1&#8243; _module_preset=&#8221;default&#8221; headings_text_color=&#8221;#85B6BA&#8221; headings_font_size=&#8221;20px&#8221; headings_line_height=&#8221;1.2em&#8221; global_colors_info=&#8221;{}&#8221;]<\/p>\n<p>Schwangerschafts-Fotografie<\/p>\n<p>[\/dtm_vertical_timeline_item][dtm_vertical_timeline_item title=&#8221;Slava Ebiger, Hamburg&#8221; timeline_label=&#8221;2010&#8243; icon_color=&#8221;#FFFFFF&#8221; circle_color=&#8221;#85B6BA&#8221; line_color=&#8221;#85B6BA&#8221; animation=&#8221;fade_in&#8221; _builder_version=&#8221;4.14.1&#8243; _module_preset=&#8221;default&#8221; headings_text_color=&#8221;#85B6BA&#8221; headings_font_size=&#8221;20px&#8221; headings_line_height=&#8221;1.2em&#8221; global_colors_info=&#8221;{}&#8221;]<\/p>\n<p>Hochzeits-Fotografie<\/p>\n<p>[\/dtm_vertical_timeline_item][dtm_vertical_timeline_item title=&#8221;Christoph Ris, Photo M\u00fcnsingen&#8221; timeline_label=&#8221;2007&#8243; icon_color=&#8221;#FFFFFF&#8221; circle_color=&#8221;#85B6BA&#8221; line_color=&#8221;#85B6BA&#8221; animation=&#8221;fade_in&#8221; _builder_version=&#8221;4.14.1&#8243; _module_preset=&#8221;default&#8221; headings_text_color=&#8221;#85B6BA&#8221; headings_font_size=&#8221;20px&#8221; headings_line_height=&#8221;1.2em&#8221; global_colors_info=&#8221;{}&#8221;]<\/p>\n<p>Akt \/ Erotik<\/p>\n<p>[\/dtm_vertical_timeline_item][dtm_vertical_timeline_item title=&#8221;Ausbildung zur Visagistin&#8221; timeline_label=&#8221;2006&#8243; icon_color=&#8221;#FFFFFF&#8221; circle_color=&#8221;#85B6BA&#8221; line_color=&#8221;#85B6BA&#8221; animation=&#8221;fade_in&#8221; _builder_version=&#8221;4.14.1&#8243; _module_preset=&#8221;default&#8221; headings_text_color=&#8221;#85B6BA&#8221; headings_font_size=&#8221;20px&#8221; headings_line_height=&#8221;1.2em&#8221; global_colors_info=&#8221;{}&#8221;][\/dtm_vertical_timeline_item][dtm_vertical_timeline_item title=&#8221;Christoph Ris, Oberdiessbach&#8221; timeline_label=&#8221;2006&#8243; icon_color=&#8221;#FFFFFF&#8221; circle_color=&#8221;#85B6BA&#8221; line_color=&#8221;#85B6BA&#8221; animation=&#8221;fade_in&#8221; _builder_version=&#8221;4.14.1&#8243; _module_preset=&#8221;default&#8221; headings_text_color=&#8221;#85B6BA&#8221; headings_font_size=&#8221;20px&#8221; headings_line_height=&#8221;1.2em&#8221; global_colors_info=&#8221;{}&#8221;]<\/p>\n<p>Hochzeits-Fotografie<\/p>\n<p>[\/dtm_vertical_timeline_item][dtm_vertical_timeline_item title=&#8221;Stefan Peter, Luzern&#8221; timeline_label=&#8221;2006&#8243; icon_color=&#8221;#FFFFFF&#8221; circle_color=&#8221;#85B6BA&#8221; line_color=&#8221;#85B6BA&#8221; animation=&#8221;fade_in&#8221; _builder_version=&#8221;4.14.1&#8243; _module_preset=&#8221;default&#8221; headings_text_color=&#8221;#85B6BA&#8221; headings_font_size=&#8221;20px&#8221; headings_line_height=&#8221;1.2em&#8221; global_colors_info=&#8221;{}&#8221;]<\/p>\n<p>Sommer-Akademie<\/p>\n<p>[\/dtm_vertical_timeline_item][\/dtm_vertical_timeline][\/et_pb_column][\/et_pb_row][\/et_pb_section]<\/p>\n","protected":false},"excerpt":{"rendered":"<p>\u00fcber mich &nbsp; &nbsp; Seit ich denken kann, lebe ich meine Kreativit\u00e4t aus &#8211; sie ist mein Lebenselexier \u2013 und insbesondere die Fotografie begleitet mich dank meines fotobegeisterten Vaters bereits seit meiner fr\u00fchen Schulzeit. Schon damals ging ich mit meiner ersten kleinen analogen Kamera auf Motivsuche und liebte es, all die sch\u00f6nen Dinge vor meiner [&hellip;]<\/p>\n","protected":false},"author":1,"featured_media":0,"parent":0,"menu_order":0,"comment_status":"closed","ping_status":"closed","template":"","meta":{"_et_pb_use_builder":"on","_et_pb_old_content":"","_et_gb_content_width":"","footnotes":""},"class_list":["post-206660","page","type-page","status-publish","hentry"],"_links":{"self":[{"href":"https:\/\/susan-infanger.ch\/v2\/wp-json\/wp\/v2\/pages\/206660","targetHints":{"allow":["GET"]}}],"collection":[{"href":"https:\/\/susan-infanger.ch\/v2\/wp-json\/wp\/v2\/pages"}],"about":[{"href":"https:\/\/susan-infanger.ch\/v2\/wp-json\/wp\/v2\/types\/page"}],"author":[{"embeddable":true,"href":"https:\/\/susan-infanger.ch\/v2\/wp-json\/wp\/v2\/users\/1"}],"replies":[{"embeddable":true,"href":"https:\/\/susan-infanger.ch\/v2\/wp-json\/wp\/v2\/comments?post=206660"}],"version-history":[{"count":67,"href":"https:\/\/susan-infanger.ch\/v2\/wp-json\/wp\/v2\/pages\/206660\/revisions"}],"predecessor-version":[{"id":208284,"href":"https:\/\/susan-infanger.ch\/v2\/wp-json\/wp\/v2\/pages\/206660\/revisions\/208284"}],"wp:attachment":[{"href":"https:\/\/susan-infanger.ch\/v2\/wp-json\/wp\/v2\/media?parent=206660"}],"curies":[{"name":"wp","href":"https:\/\/api.w.org\/{rel}","templated":true}]}}